{"id":421,"date":"2026-02-13T10:26:36","date_gmt":"2026-02-13T08:26:36","guid":{"rendered":"https:\/\/vittrup-graversen.dk\/?page_id=421"},"modified":"2026-02-13T10:40:49","modified_gmt":"2026-02-13T08:40:49","slug":"top-toe","status":"publish","type":"page","link":"https:\/\/vittrup-graversen.dk\/index.php\/top-toe\/","title":{"rendered":"Tip Toe (Thad Jones)"},"content":{"rendered":"\n<p>Det unisone stykke i \u00f8vem\u00e6rke G, kan v\u00e6re en udfordring.<\/p>\n\n\n\n<figure class=\"wp-block-image size-large\"><img loading=\"lazy\" decoding=\"async\" width=\"970\" height=\"1024\" src=\"https:\/\/vittrup-graversen.dk\/wp-content\/uploads\/2026\/02\/IMG_1068-970x1024.jpeg\" alt=\"\" class=\"wp-image-424\" srcset=\"https:\/\/vittrup-graversen.dk\/wp-content\/uploads\/2026\/02\/IMG_1068-970x1024.jpeg 970w, https:\/\/vittrup-graversen.dk\/wp-content\/uploads\/2026\/02\/IMG_1068-284x300.jpeg 284w, https:\/\/vittrup-graversen.dk\/wp-content\/uploads\/2026\/02\/IMG_1068-768x810.jpeg 768w, https:\/\/vittrup-graversen.dk\/wp-content\/uploads\/2026\/02\/IMG_1068.jpeg 1306w\" sizes=\"auto, (max-width: 970px) 100vw, 970px\" \/><\/figure>\n\n\n\n<p>Kasper Vadsholt, viser hvordan det skal g\u00f8res: <a href=\"https:\/\/www.facebook.com\/watch\/?v=1513264926415319&amp;wtsid=rdr_0NFaHRx1SWvpv8Gb2\" target=\"_blank\" rel=\"noopener\">https:\/\/www.facebook.com\/watch\/?v=1513264926415319&amp;wtsid=rdr_0NFaHRx1SWvpv8Gb2<\/a><\/p>\n\n\n\n<p>Og fyren her g\u00f8r det ogs\u00e5 ok: <a href=\"https:\/\/youtu.be\/MR4dkrEtWbU?feature=shared\" target=\"_blank\" rel=\"noopener\">https:\/\/youtu.be\/MR4dkrEtWbU?feature=shared<\/a><\/p>\n\n\n\n<p>Jeg vil ved lejlighed ligge mit eget bud op:)<\/p>\n\n\n\n<p><\/p>\n","protected":false},"excerpt":{"rendered":"<p>Det unisone stykke i \u00f8vem\u00e6rke G, kan v\u00e6re en udfordring. Kasper Vadsholt, viser hvordan det skal g\u00f8res: https:\/\/www.facebook.com\/watch\/?v=1513264926415319&amp;wtsid=rdr_0NFaHRx1SWvpv8Gb2 Og fyren her g\u00f8r det ogs\u00e5 ok: https:\/\/youtu.be\/MR4dkrEtWbU?feature=shared Jeg vil ved lejlighed ligge mit eget bud op:)<\/p>\n","protected":false},"author":1,"featured_media":0,"parent":0,"menu_order":0,"comment_status":"closed","ping_status":"closed","template":"","meta":{"_acf_changed":false,"footnotes":""},"class_list":["post-421","page","type-page","status-publish","hentry"],"acf":[],"_links":{"self":[{"href":"https:\/\/vittrup-graversen.dk\/index.php\/wp-json\/wp\/v2\/pages\/421","targetHints":{"allow":["GET"]}}],"collection":[{"href":"https:\/\/vittrup-graversen.dk\/index.php\/wp-json\/wp\/v2\/pages"}],"about":[{"href":"https:\/\/vittrup-graversen.dk\/index.php\/wp-json\/wp\/v2\/types\/page"}],"author":[{"embeddable":true,"href":"https:\/\/vittrup-graversen.dk\/index.php\/wp-json\/wp\/v2\/users\/1"}],"replies":[{"embeddable":true,"href":"https:\/\/vittrup-graversen.dk\/index.php\/wp-json\/wp\/v2\/comments?post=421"}],"version-history":[{"count":5,"href":"https:\/\/vittrup-graversen.dk\/index.php\/wp-json\/wp\/v2\/pages\/421\/revisions"}],"predecessor-version":[{"id":428,"href":"https:\/\/vittrup-graversen.dk\/index.php\/wp-json\/wp\/v2\/pages\/421\/revisions\/428"}],"wp:attachment":[{"href":"https:\/\/vittrup-graversen.dk\/index.php\/wp-json\/wp\/v2\/media?parent=421"}],"curies":[{"name":"wp","href":"https:\/\/api.w.org\/{rel}","templated":true}]}}